5))/(4/(-1204))?
2, 3, 43, 79
Let q(c) = -2992*c - 564. List the prime factors of q(-6).
2, 3, 7, 23
Suppose -77 = -8*j + 299. Suppose 0 = -51*u + j*u - 504. What are the prime factors of (-346)/(-18) + 28/u?
19
Suppose 0 = -5*c - 5, -3 = f + c - 17. Let u be (-1)/5 - (-21)/f*43. What are the prime factors of u*(5/(-5) + 2)?
2, 3, 5
Suppose 3*s + 25 = 5*u, 3*s + 2*s + 25 = 0. Suppose -u*o - 3*o = 0. Suppose 5*h = w - 0 + 13, 3*w + h - 41 = o. What are the prime factors of w?
2, 3
Let z(j) = 62*j**3 - 5*j**2 + 18*j - 39. List the prime factors of z(8).
41, 769
Let b be (6 - 4) + ((-14)/2 - 1). Let z(y) be the third derivative of y**5/15 + 13*y**4/24 - y**3/6 + y**2. What are the prime factors of z(b)?
5, 13
Let a = 846 - 1313. Let k = a - -1459. List the prime factors of k.
2, 31
Suppose -157 - 167 = 27*s. What are the prime factors of s/8*(-69 - 5)?
3, 37
Let z(u) = u**3 - 17*u**2 - 17*u - 3. Let v be z(18). Suppose -d + 246 = -5*m - 525, -3*m = -v. What are the prime factors of d?
2, 199
Let m(o) = 256*o**2 - 29*o + 4. What are the prime factors of m(5)?
11, 569
Suppose -82 = -2*c - 4*d, -3*d - d + 49 = c. List the prime factors of (-770)/c*(-27)/15.
2, 3, 7
Suppose -25 + 7 = -9*p. Suppose -k = -4*t + p*k + 286, 225 = 3*t + 3*k. List the prime factors of t.
73
Let i(t) = 499*t**3 + 17*t**2 - 24*t + 75. What are the prime factors of i(4)?
3, 10729
Let i(n) = 683*n**2 + 265*n - 2133. What are the prime factors of i(8)?
89, 491
What are the prime factors of (-474990)/(-120) + (-2)/8?
2, 1979
List the prime factors of (-9 + -20347)/(-4)*(2 - 1).
7, 727
Let r = -27341 + 58946. What are the prime factors of r?
3, 5, 7, 43
List the prime factors of (-1519)/62*1*-80.
2, 5, 7
Suppose -30*g = 32*g - 0*g - 1806308. What are the prime factors of g?
2, 7, 2081
Let o be 7 - (-11 + -3 + 9). Suppose o*d + 2331 = 11391. What are the prime factors of d?
5, 151
Let z(w) = 0*w + w - 20 + 2*w + w**3 - 8*w**2 - 3*w**2. Suppose 0*i = i + 1, 3*x + 3*i - 30 = 0. What are the prime factors of z(x)?
13
Suppose -2*r - 28 = -q + 2*r, 4*r + 44 = 3*q. Suppose q*z - z - 28 = 0. Suppose -3*p - 4*n = -445, -325 = -z*p - 4*n + 271. What are the prime factors of p?
151
Let o = 14284 + -7720. What are the prime factors of o?
2, 3, 547
Suppose -3119 - 292 = -9*n. Let f = n - 299. What are the prime factors of f?
2, 5
Suppose -m + 7*i - 2*i = -4, -5*m + 20 = 4*i. Suppose 5*q + 14 - 4 = -m*o, -5*q + 2*o = -20. Let w = 149 - q. List the prime factors of w.
3, 7
Let j(h) = -307*h + 2785. List the prime factors of j(-78).
26731
Suppose 2140*b = 2121*b + 28975. List the prime factors of b.
5, 61
Let r = 17312 - 1524. What are the prime factors of r?
2, 3947
Suppose 4*c + 12122 = 3634. Let k = -616 - c. What are the prime factors of k/8 - (-2)/(-8)?
2, 47
Suppose 87860 = 15*h - 2*l, 4*h + 20*l = 25*l + 23407. List the prime factors of h.
2, 29, 101
Let m be 14/(26/10 - 18/30). Suppose 5*p = 5*z + m*p + 52, 4*z = 4*p - 36. What are the prime factors of ((-85)/z - -3)*4?
2, 23
Let j(t) be the first derivative of 8*t**3 - 3*t**2 + 29*t + 31. Let d(b) be the first derivative of j(b). List the prime factors of d(4).
2, 3, 31
Let v(t) = 11*t**2 + 73*t + 4527. List the prime factors of v(-38).
3, 5879
Suppose 6*s + 236 = 10*s. Let d = s + -57. Suppose -c - 20 = -f - f, -d*c = -8. What are the prime factors of f?
2, 3
Suppose r = -5*v + 4772, -71*r - 19067 = -75*r + v. List the prime factors of r.
3, 7, 227
Let h = -2 - -4. Suppose 0*f - 548 = -h*f. Suppose 4*b - 82 = f. List the prime factors of b.
89
Suppose -8*r + 68 = -28. Suppose 2*t = -r*t + 6006. What are the prime factors of t?
3, 11, 13
Let h(c) = 43 - 8 - 241*c + 271*c. What are the prime factors of h(4)?
5, 31
Let r = 47 + 97. Suppose -5*t - r + 8444 = 0. What are the prime factors of t?
2, 5, 83
Suppose 80 = 9*v - 8*v + 3*z, -v + 2*z + 55 = 0. Let q be 4/12 - (-544)/6. Let j = q - v. List the prime factors of j.
2, 13
Let p(g) = 620*g + 16. Let i be p(18). Suppose -i = 3*x - 25*x. List the prime factors of x.
2, 127
Let z(h) = -96*h**2 + 10*h - 2. Let f be (12 - 8) + 4/(-1) + -7. Let p be z(f). List the prime factors of (-4)/(-38) + p/(-114).
2, 3, 7
Suppose 979 = -r + 3235. Suppose 4*y = -0*y - 4*p + 2244, 4*y + p = r. What are the prime factors of y?
5, 113
Let o(l) = 34*l - 1165. Let d(z) = 7*z - 233. Let s be -4 + (-4)/((-42)/9 + 4). Let m(h) = s*o(h) - 11*d(h). What are the prime factors of m(0)?
233
Let i(q) = -q**2 - 12*q - 26. Let p be i(-9). Let h(o) = 271*o**2 + 2*o - 3. Let t be h(p). Suppose 5*g - 8*g = -t. What are the prime factors of g?
2, 3, 5
Suppose 7350 = 2*u - 4*k - 6520, 3*u - 4*k = 20795. What are the prime factors of u?
5, 277
Let b = -55 + 565. Let t = 219 + b. What are the prime factors of t?
3
Suppose 14*g = -0*g - 70. List the prime factors of g - -3 - (-2 + (1 - 301)).
2, 3, 5
Let n be 0/4 + 16 - 4. Let p be 0/((-3)/2*n/18). What are the prime factors of 102/(p - -1) - -1*3?
3, 5, 7
Suppose 15885 = 2*y + v, 53*v + 31779 = 4*y + 52*v. List the prime factors of y.
2, 3, 331
Let s be (-3)/(-3 - (-3)/2). Suppose -2*y = 5*u - 0*y - 469, y = s. Let m = u + -76. List the prime factors of m.
17
Let k be 69 + ((-32)/(-10) - 1/5). Let u = -53 + k. Suppose 3*j = 103 - u. List the prime factors of j.
2, 7
Suppose 5*h = 3*a - 13606, -5*a = -0*a + 3*h - 22722. What are the prime factors of a?
2, 3, 757
Let n(h) = h**3 + 9*h**2 - 4*h - 47. Let j be n(-9). Let w(r) = 2*r**2 - 14*r - 19. List the prime factors of w(j).
13, 29
Let v(w) = w**2 - 2*w + 6. Let z = 47 - 46. Let p be z + -5 - (-14 - -10). What are the prime factors of v(p)?
2, 3
Suppose y - 271 = -c, -14*y + 10*y = 2*c - 1092. Suppose b - 291 = -2*r + y, -2*b + 1129 = r. What are the prime factors of b?
2, 3, 47
Let t(l) = 10*l + 0*l + 8 + 18*l - 2*l**2. Let g(x) = 56*x - 42. Let f be g(1). What are the prime factors of t(f)?
2
Let w = -503 - -507. Suppose 2*n + 328 = w*g + 1274, 2 = g. What are the prime factors of n?
3, 53
Let h be 5/(8 - 3) + -3 - -241. Suppose -3*u = -12, -1195 = -3*j + 4*u - h. What are the prime factors of j?
2, 3
Suppose 2*m = -3*g + 2724, -3*m + 27*g = 22*g - 4029. List the prime factors of m.
3, 11, 41
Let g(v) = 43*v**2 + 45*v + 956. What are the prime factors of g(-21)?
2, 53, 179
Let v = 5701 - -23153. What are the prime factors of v?
2, 3, 7, 229
Suppose -b + 0*b + 2 = 0. Suppose -5*v + 4*v = -5*m + 8, -2*m = -3*v + b. Suppose -s + q + 80 = 0, 0 = -v*s + 3*q - 4*q + 163. List the prime factors of s.
3
Let o(n) = -2*n**3 + 3*n**2 + 4*n - 6. Let f be o(4). Let c = f + 85. Suppose 874 - 3784 = -c*q. What are the prime factors of q?
2, 97
List the prime factors of 1084/(-271) - ((-92721)/6 - 1/(-2)).
7, 2207
Suppose 177*y = 77*y + 68*y + 228800. What are the prime factors of y?
2, 5, 11, 13
List the prime factors of -4 - (-117)/36 - (-49245)/12.
11, 373
Let l = -28837 + 35864. List the prime factors of l.
7027
Let d(y) = y**3 + 9*y**2 + 16*y + 52. Let v be d(-8). Let o(j) = -25*j - 115. List the prime factors of o(v).
5, 37
Suppose 5*l + 2*r = r + 12, 3*r = 5*l - 4. What are the prime factors of ((-2)/4 + l)/((-2)/(-148))?
3, 37
Suppose 6*r + 154 = 8*r. Suppose -95 = 3*y - i, i - r = 2*y - 14. List the prime factors of ((-38)/8)/(4/y).
2, 19
Let k(d) = d**3 - 11*d**2 + 9*d + 12. Let p be k(10). Let t(o) be the first derivative of 41*o**2/2 + 3*o - 11. What are the prime factors of t(p)?
5, 17
Let u(j) = 4*j**2 + 10*j + 19. Let s be u(-3). Suppose s*y - 6736 = 13539. List the prime factors of y.
811
Let m(p) be the first derivative of p**2/2 - 13*p + 2. Let c be m(16). What are the prime factors of c - (-4 + 1254)/(-5)?
11, 23
Suppose 2*c = 2*m + 12, 3*m - 3 = -3*c + 3. Suppose c*h = -i + 87 + 28, 237 = 2*i + h. List the prime factors of i.
7, 17
Let g = -46 - -44. Let x = g + 6. List the prime factors of (x/6*-15)/(4/(-42)).
3, 5, 7
Suppose 4*w + 5*l - 2148 = 0, 4*w - 2116 = -0*w + 3*l. Let v = w - -171. Suppose -5*j - 133 = -v. List the prime factors of j.
2, 3, 19
List the prime factors of 61845 - (135/(-10) + 7)*-2.
2, 59, 131
Let y(v) = -115*v**3 + 4*v**2 + 2*v - 16. List the prime factors of y(-6).
2, 17, 367
Suppose 4*d + 2038*z - 248641 = 2033*z, -2*d + 2*z + 124280 = 0. List the prime factors of d.
19, 3271
Suppose 120*k +